10
In base 15, what is -3 + 27?
24
In base 6, what is -513 + -34?
-551
In base 9, what is 5 - 147?
-142
In base 13, what is 2b58 - 2?
2b56
In base 7, what is -22414 + -3?
-22420
In base 10, what is -5 - -2254?
2249
In base 11, what is 0 - 752?
-752
In base 7, what is 5 + 11?
16
In base 3, what is -2 - 1122?
-1201
In base 3, what is 1201 + 1200?
10101
In base 8, what is -16 + 170?
152
In base 6, what is 1 + 1041?
1042
In base 8, what is 20 - 23?
-3
In base 11, what is 34 - -24?
58
In base 2, what is -100011000 + -1111?
-100100111
In base 12, what is -293 - -4?
-28b
In base 3, what is 21120 - -2?
21122
In base 10, what is -42 + 56?
14
In base 5, what is 314144 - -10?
314204
In base 13, what is -7c45 - 2?
-7c47
In base 14, what is 296 + -5?
291
In base 16, what is dfe - -5?
e03
In base 12, what is 2 + -12?
-10
In base 8, what is -4 + 102?
76
In base 13, what is 46 + -18?
2b
In base 10, what is -127 + -163?
-290
In base 7, what is 235 + 0?
235
In base 16, what is -5 + 2d7?
2d2
In base 5, what is 23 - -32?
110
In base 13, what is a - -b?
18
In base 8, what is -20 + -572?
-612
In base 12, what is -4 + 4a?
46
In base 6, what is -3105 + -3?
-3112
In base 13, what is 5c3 - -2?
5c5
In base 9, what is -173 - 6?
-180
In base 14, what is 5 - -2?
7
In base 8, what is 543 - -11?
554
In base 15, what is 157 - -2a?
182
In base 14, what is 3b2 - -5?
3b7
In base 8, what is 141 + -7?
132
In base 7, what is -315 - -24?
-261
In base 7, what is 205 - -12?
220
In base 9, what is -2085 - -15?
-2070
In base 5, what is -30 - -2?
-23
In base 12, what is -9 - -b?
2
In base 4, what is 10 + 3222?
3232
In base 16, what is 5b + 0?
5b
In base 15, what is 4d - -5e?
ac
In base 4, what is -11 - -110?
33
In base 10, what is -62 - -3?
-59
In base 7, what is 3132 - 1?
3131
In base 3, what is -2 + -1120?
-1122
In base 3, what is 212 - -100?
1012
In base 11, what is 460 - 4?
457
In base 2, what is -1000011100 + -11?
-1000011111
In base 7, what is 222 - -5?
230
In base 10, what is -3 - 1?
-4
In base 8, what is 4 - 216?
-212
In base 6, what is 12435 + -2?
12433
In base 5, what is -40 - -2034?
1444
In base 15, what is -2 + 21?
1e
In base 11, what is 0 - 4a?
-4a
In base 12, what is 3 - 248?
-245
In base 12, what is -112 + 6?
-108
In base 12, what is -6 + -4b9?
-503
In base 15, what is 1c + -b?
11
In base 6, what is 2504 + -2?
2502
In base 3, what is 121 - 1102?
-211
In base 13, what is -14 - -91?
7a
In base 6, what is -3 + -4?
-11
In base 9, what is 112 + 6?
118
In base 15, what is -7 - -410?
408
In base 5, what is -131 - 123?
-304
In base 9, what is -5 - -21?
15
In base 8, what is 5347 + 2?
5351
In base 11, what is -1990 - 5?
-1995
In base 6, what is 14 - -1125?
1143
In base 9, what is -501 - -3?
-487
In base 6, what is -33325 - 0?
-33325
In base 9, what is 1 - -1487?
1488
In base 14, what is 33 - -32?
65
In base 12, what is 2817 + 0?
2817
In base 15, what is 5 + 1?
6
In base 5, what is -1 + 111?
110
In base 11, what is 22 - a?
13
In base 14, what is -1 - 192?
-193
In base 14, what is 12 - -14?
26
In base 6, what is 113 - 241?
-124
In base 15, what is 14 + 35?
49
In base 5, what is -2 - 23041?
-23043
In base 10, what is -4 + 4?
0
In base 15, what is -3 + 17a?
177
In base 3, what is 10 - -12020210?
12020220
In base 11, what is 2354 - -3?
2357
In base 3, what is -21 + -1101?
-1122
In base 15, what is 2 - -89?
8b
In base 4, what is 22 - -1323?
2011
In base 9, what is 7 + 46?
54
In base 12, what is -b6 + 1?
-b5
In base 8, what is 46 + 3?
51
In base 4, what is 10 + 32301?
32311
In base 16, what is 45 + -26?
1f
In base 13, what is -9c - -5?
-97
In base 2, what is -101 - -1000111?
1000010
In base 10, what is -400 + -17?
-417
In base 3, what is 12020 + -1?
12012
In base 10, what is -5 - 461?
-466
In base 11, what is -6504 + 3?
-6501
In base 5, what is -1442 + 4?
-1433
In base 10, what is -39 + 13?
-26
In base 3, what is 2 + 1021?
1100
In base 14, what is a7 - 0?
a7
In base 6, what is 2 + -24101?
-24055
In base 14, what is -8 + -4a2?
-4aa
In base 2, what is -111111111 + 11?
-111111100
In base 13, what is -37 + -1?
-38
In base 6, what is 0 - 102?
-102
In base 9, what is 0 + 387?
387
In base 15, what is -9 - -8?
-1
In base 2, what is 111000 - 101?
110011
In base 5, what is -121 + 2104?
1433
In base 14, what is 2d9 + 1?
2da
In base 13, what is -2 - -74?
72
In base 10, what is -1 - 119?
-120
In base 13, what is -2894 + 3?
-2891
In base 5, what is 0 - 10421?
-10421
In base 9, what is 14 + 43?
57
In base 3, what is -12 + -11201?
-11220
In base 14, what is c - -17?
25
In base 16, what is 2ab + 1?
2ac
In base 4, what is 3 + -213?
-210
In base 6, what is -1 + 2300?
2255
In base 8, what is -1363 - 5?
-1370
In base 6, what is 23 + -551?
-524
In base 7, what is -10 + -111?
-121
In base 7, what is -56 - -3?
-53
In base 13, what is -9 + -ca3?
-cac
In base 12, what is 18 + -3?
15
In base 4, what is 0 - 112?
-112
In base 6, what is 1141 - 3?
1134
In base 3, what is 0 + 2020200?
2020200
In base 16, what is 3 + -ed?
-ea
In base 9, what is 33 + 0?
33
In base 7, what is -2 + -61?
-63
In base 5, what is -1 - -304?
303
In base 3, what is 111 + 101?
212
In base 11, what is 1a0 - 3?
198
In base 12, what is 1bb3 - 1?
1bb2
In base 15, what is -10 - -60c?
5ec
In base 8, what is 1 - 44?
-43
In base 2, what is 110010111 + -10111?
110000000
In base 12, what is -1 - 29?
-2a
In base 3, what is -12110 - -2002?
-10101
In base 15, what is 23 - -101?
124
In base 9, what is -4 + 23?
18
In base 9, what is -5 + -174?
-180
In base 11, what is -705 - -3?
-702
In base 12, what is -151 - 47?
-198
In base 11, what is -39 - -1?
-38
In base 4, what is -11112 - 1?
-11113
In base 14, what is -98 - -1?
-97
In base 15, what is 4 - -670?
674
In base 11, what is -2 + -9?
-10
In base 10, what is 2 + -23?
-21
In base 13, what is 11586 + 3?
11589
In base 13, what is -a - -34?
27
In base 8, what is 3 - -1300?
1303
In base 5, what is -10 - -11012?
11002
In base 11, what is 2a2 - -2?
2a4
In base 6, what is 203205 + -4?
203201
In base 4, what is 2 - 112?
-110
In base 4, what is 3210 - 13?
3131
In base 14, what is -1 - -68?
67
In base 12, what is -12 + 4?
-a
In base 14, what is -1 - da4?
-da5
In base 2, what is -10 + -100111?
-101001
In base 4, what is -121 - -113?
-2
In base 3, what is 1202222 + 10?
1210002
In base 11, what is 8 - -385?
392
In base 15, what is -1 + 34c?
34b
In base 16, what is b8bf + -4?
b8bb
In base 3, what is 0 + -1100?
-1100
In base 9, what is -364 - 4?
-368
In base 15, what is -109 + -2?
-10b
In base 2, what is -10 + 110010?
110000
In base 8, what is 4 - -1562?
1566
In base 15, what is 1638 + -4?
1634
In base 4, what is -10 - -1101333?
1101323
In base 12, what is -84a - 2?
-850
In base 8, what is -7 - 30?
-37
In base 3, what is 21210 - -1?
21211
In base 11, what is 1a6 + 5?
200
In base 2, what is 1001 + 100000?
101001
In base 13, what is 2c - -162?
191
In base 13, what is 5 - 913?
-90b
In base 5, what is 40 - 11?
24
In base 12, what is -12 + -54?
-66
In base 6, what is 45 + 324?
413
In base 11, what is -399 - 13?
-401
In base 16, what is -1996 - -5?
-1991
In base 7, what is -5 + 141?
133
In base 11, what is -18 - -35?
18
In base 12, what is 13a + -6?
134
In base 11, what is -2 - 2a?
-31
In base 9, what is -15 + 75?
60
In base 12, what is 1653 - -1?
1654
In base 11, what is 0 - -19a?
19a
In base 12, what is -3 + 431?
42a
In base 3, what is 1012 + 2110?
10122
In base 4, what is 203 + -20?
123
In base 13, what is 1a7 + -2?
1a5
In base 11, what is -196 + -69?
-254
In base 5, what is -122 + -1130?
-1302
In base 10, what is 46 + -279?
-233
In base 3, what is -2 + 2202?
2200
In base 11, what is 8302 - 1?
8301
In base 8, what is 520 + 10?
530
In base 13, what is 102c - 3?
1029
In base 13, what is 2 - -39?
3b
In base 16, what is -1b4 - 5?
-1b9
In base 16, what is -5 - -11a?
115
In base 3, what is 2221212 - 12?
2221200
In base 2, what is 10000001 - -100?
10000101
In base 13, what is 1 - -32?
33
In base 10, what is -5 + -18?
-23
In base 3, what is 11 - -10122?
10210
In base 16, what is 3 - 218?
-215
In base 6, what is 13 - -22?
35
In base 6, what is -31434 + -1?
-31435
In base 2, what is -1111 + 11?
-1100
In base 12, what is 22 + -2b?
-9
In base 6, what is -144 - -304?
120
In base 5, what is 4 - -24?
33
In base 14, what is -57 - -4?
-53
In